 (55/33)/(5/m). Calculate the greatest common divisor of f and 117.
9
Let q = 40 - -233. Let r = -250 + q. Calculate the greatest common factor of r and 69.
23
Let v be 160/4 + 2/2. Let n be (9 - 7 - (4 - 1)) + v. Suppose 20 = -5*b + n. Calculate the greatest common divisor of 4 and b.
4
Suppose -120 = -6*y + 2*y. Suppose -4*b = -5*n + y, -2*n - 4*b - 10 = -5*n. What is the greatest common divisor of 50 and n?
10
Let h = -37 + 80. Let j = h - 39. Suppose 0 = d + 4, -7 = -j*y - 2*d - 3. Calculate the highest common divisor of 2 and y.
1
Let d(u) = 24 - 8 - u**2 + 0*u - 14*u - 6*u - 94. Let z be d(-14). What is the greatest common divisor of z and 48?
6
Let r be (714/4 + 36/(-24))*296/8. Calculate the greatest common factor of r and 354.
177
Suppose 3*v + 5*x - 10 = 33, 3*v - 4*x + 2 = 0. Suppose 4*t = v*w - w - 22, -3*t = -3*w + 15. What is the greatest common factor of w and 34?
2
Suppose -99*p + 3*n = -102*p + 249429, 0 = -4*p - 2*n + 332586. What is the greatest common divisor of 50 and p?
50
Suppose -4*r + 55 = 2*g - 81, 0 = -2*g + r + 136. Let j = g + -75. Let t(v) = -v - 4. Let w be t(j). What is the highest common divisor of 33 and w?
3
Let t = -1 - -1. Suppose -2*g + 4*g = t. Suppose 0 = 5*r, 5*y + g*y - 4*r = 20. What is the highest common factor of y and 20?
4
Suppose 0 = -262*h + 2743 + 3167 + 8238. Calculate the greatest common divisor of h and 2466.
18
Let s be (-405)/(-60)*8/6. Suppose -s*u + 170 = -28. Calculate the greatest common divisor of 2 and u.
2
Let w be 154/(-3)*(-18)/21. Suppose -u = 2*n - 82, n - 20*u + 22*u - w = 0. Calculate the greatest common factor of 30 and n.
10
Suppose -3*r + 0*r = 5*x - 5, -x + 2*r + 14 = 0. Let u(g) = 431*g + 16. Let n be u(0). What is the highest common divisor of n and x?
4
Let i(a) = -11*a - 175. Let r be 90/(-6) - (-2 + 8). Let b be i(r). What is the greatest common factor of 16 and b?
8
Suppose -4*w + 11 - 15 = 0. Let x = 1 - w. Suppose -x*a = -s - 82, -a + 5*s = -4*a + 110. What is the highest common factor of 60 and a?
20
Let p(q) = -8*q - 27. Let k = 37 - 26. Suppose -2*t + k*t + 63 = 0. Let n be p(t). What is the greatest common factor of 116 and n?
29
Let n be 2*(-4)/(-56) + 748/7. What is the highest common factor of n and 10807?
107
Suppose 10*v + 84 = 16*v. Let r be 244/5 + 3/15. What is the highest common divisor of r and v?
7
Let x(h) = 212*h - 142. Let n = 150 - 147. Let j be x(n). Calculate the greatest common factor of 76 and j.
38
Let x be 75/125 - 2/5*-91. Suppose -5*r + 5*n = -193525, 3*r - 4*r - 5*n = -38693. Let k be r/95 + 4/(-10). Calculate the highest common factor of x and k.
37
Let l = -116 + 121. Suppose 7*o = l*o + 8. Let m = 83 + -11. What is the highest common factor of o and m?
4
Suppose 142*c + 79*c - 2958 = 47*c. Calculate the highest common factor of c and 187.
17
Let d = -248 + 360. Suppose -4*y - 2*t + 90 = -d, 3*y = 2*t + 162. What is the highest common divisor of 78 and y?
26
Suppose -2*y + 136 = -6*y + 4*p, -38 = y - 2*p. Let k be 140/y*((-349)/7 + 1). What is the highest common factor of 57 and k?
57
Suppose 5*v - 163 = -2*i, 0 = -4*i - 4*v - 98 + 430. Calculate the greatest common factor of i and 8.
4
Suppose -8*x - 665 = -5*f - 7*x, 2*f - 249 = -3*x. Calculate the greatest common divisor of f and 682.
22
Let s = 212544 + -212512. Let f = -619 - -875. Calculate the highest common factor of f and s.
32
Let o be (-314)/(0 - (3 - 1)). Suppose -3*s - 43 + o = 0. Suppose -s = 7*v - 423. Calculate the highest common factor of 22 and v.
11
Suppose 0 = 52*j - 59*j + 56. Let a be 101 + (j - (5 - 6)). What is the highest common divisor of 132 and a?
22
Suppose 2*g = 4*d - 412, -3*d - 3*g + 335 = 2*g. Let p be ((228/(-190))/((-8)/(-75)))/((-1)/4). Calculate the greatest common divisor of d and p.
15
Let h(b) = -3*b - 46. Let v be h(-17). Suppose -128 = -2*o + 3*y - v*y, -y = 2*o - 129. Calculate the greatest common factor of 10 and o.
5
Let j be 12/15*(9/(-6) + 4). Suppose j*m - 5*w = 5*m + 32, -2*m - 43 = -w. Let u = m - -43. What is the highest common divisor of 24 and u?
24
Let m be (-5)/(1*(-3 + 2)). Suppose 122 - 2 = m*h. Suppose -12 = -2*d - 4*x, 2*x - 51 = -4*d + 3*x. Calculate the highest common divisor of h and d.
12
Let s(j) = -22*j - 384. Let q be s(-22). Let o = -240 - -256. Calculate the highest common divisor of o and q.
4
Let u = 237 - 107. Suppose 7*y + 10*y - 3*y - 364 = 0. Calculate the greatest common divisor of u and y.
26
Let o be -2*1/(-15) - (19 - 1923260/300). Calculate the greatest common divisor of 47 and o.
47
Suppose -2*u - 324 + 574 = 0. What is the greatest common factor of 95 and u?
5
Suppose -3*w = 2*n - 22, 5*n - 44 = -0*w - 2*w. Suppose -14*o = -n*o - 24. What is the highest common divisor of o and 4?
4
Let i(s) = -s**3 - 11*s**2 - 77. Let y be i(-13). Let t = y - 247. Calculate the highest common factor of 266 and t.
14
Suppose u + 923 = 4*u - 5*i, -895 = -3*u - 2*i. Let b = u + -244. Calculate the highest common factor of 76 and b.
19
Let o(b) = 21*b - 85. Let p be o(5). Let r(x) = -187*x - 51. Let z be r(-3). What is the highest common factor of z and p?
10
Let m(p) = -p + 26. Let a be m(21). Suppose a*t - 728 = -2*x, -4*t + 8*x - 3*x = -556. What is the greatest common factor of t and 18?
18
Let h = 58 - 40. Let a be (-6)/h*-69 - -7. Calculate the greatest common divisor of 105 and a.
15
Let i = 2570 + -2537. Calculate the greatest common factor of 11913 and i.
33
Suppose 23*b - 19*b = 2*m - 128, -m + 52 = 4*b. Let l be 6/27 - 1288/(-36). What is the greatest common factor of m and l?
12
Let t be (2/(-2) - 0 - -1) + (-908)/(-227). What is the greatest common factor of t and 3316?
4
Let k(f) = 37*f**3 + 15*f + 12. Let g be k(4). Calculate the highest common factor of 60 and g.
20
Suppose -2178 - 5186 = -41*h + 3337. What is the greatest common divisor of 31059 and h?
261
Suppose -2*h - 16 = 4*b, 3*b + 15 = 3*h - 6. Suppose 0 = 15*w - 16*w - h, 0 = d + 5*w + 5. Calculate the greatest common factor of d and 45.
5
Suppose -m = 5*k - 376, 2*k - 153 = 5*m - 8. Let y be (-45)/(-4)*(-13 + 11)*(-4 - -2). What is the highest common factor of y and k?
15
Let f = -1401 - -242. Let c = f - -1703. Calculate the highest common factor of 68 and c.
68
Let t = -7 - 5. Let i = 17 + t. Suppose -i*p = -72 - 258. What is the greatest common divisor of p and 44?
22
Suppose 0*v - 36 = -s - 4*v, v + 159 = 5*s. Let a be 0 + 5 + 0 + -270. Let i = -257 - a. What is the greatest common divisor of i and s?
8
Let z = -159 - -162. Suppose 13*h - z*h = 400. What is the greatest common factor of h and 16?
8
Suppose -10*p - 1098 = -3*y - 12*p, -2*y - 4*p + 740 = 0. Suppose 3*g + 5*l - 605 = 0, 2*g + 4*l - y = 40. What is the highest common divisor of g and 60?
20
Suppose 3017 - 296 = 3*m + 5*s, 3*m - 3*s = 2745. What is the highest common divisor of 600 and m?
24
Let s = -2165 - -2968. What is the greatest common divisor of 11 and s?
11
Suppose -1823 = -3*q - 4*k, -1506*k + 1510*k = -4*q + 2428. What is the greatest common divisor of q and 110?
55
Let j = -28 + 32. Suppose h - j*z = 92, 237 = 3*h - 19*z + 20*z. What is the greatest common divisor of 4 and h?
4
Let y(q) = q**2 - 7*q + 17. Suppose p - 48 = -7*p. Let a be y(p). What is the highest common factor of 11 and a?
11
Let k(l) = -l**2 + 8*l + 14. Let a = 530 - 523. Let t be k(a). Calculate the highest common divisor of t and 399.
21
Suppose 0*v - j + 80 = v, 2*v - 5*j = 160. Let b(z) = -z**2 - 19*z + 8. Let l be b(-19). Let u = 8 + l. Calculate the highest common divisor of v and u.
16
Suppose 19*s = 52777 + 16022. What is the highest common divisor of s and 213?
213
Let y be (-24)/(-9)*(-2670)/4. Let n be 2/(-1) - y/20. Let s = -31 + n. Calculate the highest common factor of 42 and s.
14
Let s be (7 - 0) + 2*-1. Suppose -8974*c + 8849*c + 6875 = 0. What is the greatest common divisor of s and c?
5
Let j(w) = -11*w - 347. Let k(z) = 12*z + 345. Let m(h) = 3*j(h) + 4*k(h). Let x be m(-19). Calculate the greatest common factor of x and 54.
54
Let s(i) be the third derivative of 0 - 7/24*i**4 + 1/2*i**3 + 12*i**2 + 0*i. Let k be s(-1). What is the highest common divisor of k and 30?
10
Suppose 142*y - 166*y = -1440. What is the highest common divisor of 1524 and y?
12
Suppose -18 + 267 = 3*h + 3*j, 4